{"id":255,"date":"2021-07-15T12:11:20","date_gmt":"2021-07-15T12:11:20","guid":{"rendered":"https:\/\/nackenheim-im-nationalsozialismus.de\/?page_id=255"},"modified":"2022-01-04T15:44:27","modified_gmt":"2022-01-04T15:44:27","slug":"feuerwehr","status":"publish","type":"page","link":"https:\/\/nackenheim-im-nationalsozialismus.de\/?page_id=255","title":{"rendered":"Feuerwehr"},"content":{"rendered":"\n<p class=\"has-text-align-center has-accent-color has-text-color\"><strong>Ein Beitrag von Sch\u00fcler:innen der MSS11<\/strong><\/p>\n\n\n\n<p class=\"has-text-align-center\"><strong>Die Nackenheimer Feuerwehr im Nationalsozialismus &#8211; Zwischen Instrumentalisierung und widerst\u00e4ndischem Verhalten<\/strong><\/p>\n\n\n\n<div class=\"wp-block-group alignfull\"><div class=\"wp-block-group__inner-container is-layout-flow wp-block-group-is-layout-flow\">\n<div class=\"wp-block-columns is-layout-flex wp-container-core-columns-is-layout-1 wp-block-columns-is-layout-flex\">\n<div class=\"wp-block-column is-layout-flow wp-block-column-is-layout-flow\" style=\"flex-basis:100%\">\n<div class=\"wp-block-group alignfull\"><div class=\"wp-block-group__inner-container is-layout-flow wp-block-group-is-layout-flow\">\n<p class=\"has-drop-cap\">Die Feuerwehr ist wichtig f\u00fcr die Sicherheit und ist heute sowohl bei Br\u00e4nden, Unf\u00e4llen, aber zum Beispiel auch Naturkatastrophen essentiell. Auch fr\u00fcher schon war jeder Ort auf die heimische Feuerwehr angewiesen, doch durch den Krieg und den Nationalsozialismus wuchs der Aufgabenbereich der Feuerwehr. Inwiefern ver\u00e4nderten sich die Aufgaben und wie beeinflusste zum Beispiel die&nbsp;\u201eGleichschaltung\u201c&nbsp;die Organisation und Verantwortung der Feuerwehr?<\/p>\n\n\n\n<p>Unter dem nationalsozialistischen Regime begann ab 1933 in Deutschland die sogenannte&nbsp;\u201eGleichschaltung\u201c. Verb\u00e4nde, Parteien, Medien und Vereine wurden also auf die Weltanschauung des Nationalsozialismus ausgerichtet und mussten den Vorgaben der NSDAP&nbsp;gehorchen. Am 1. Dezember 1933 trat das preu\u00dfische \u201eGesetz \u00fcber das Feuerl\u00f6schwesen\u201c in&nbsp;Kraft, welches besagte, dass die preu\u00dfischen Feuerwehren der Ortspolizeiverwaltung und den Polizeiaufsichtsbeh\u00f6rden unterstellt werden sollten. Dies war der erste wichtige Schritt der&nbsp;\u201eGleichschaltung\u201c&nbsp;der Feuerwehren in Deutschland.<\/p>\n\n\n\n<p>In einem Erlass vom 5. Februar 1936 wurden auch die nichtpreu\u00dfischen L\u00e4nder aufgefordert, sich der Neuordnung der Feuerwehren anzuschlie\u00dfen. Dies betraf auch die Nackenheimer Feuerwehr. In einem Schreiben an die B\u00fcrgermeistereien des Kreises Oppenheim vom 24.&nbsp;April 1936 hei\u00dft es, dass \u201e<em>auf Grund des Runderlasses<\/em> [&#8230;], <em>nachdem sich der F\u00fchrerverpflichtet hat,<\/em> [die Feuerwehr] <em>dem B\u00fcrgermeister oder dem zust\u00e4ndigen&nbsp;Ortspolizeiverwalter zu unterstellen <\/em>[hat und diese] <em>in Zukunft<\/em> [&#8230;] <em>als Feuerwehrl\u00f6schpolizei anerkannt<\/em>  [wird]\u201c.<\/p>\n\n\n\n<div class=\"wp-block-image\"><figure class=\"aligncenter size-large\"><img loading=\"lazy\" decoding=\"async\" width=\"1024\" height=\"683\" src=\"https:\/\/nackenheim-im-nationalsozialismus.de\/wp-content\/uploads\/2021\/10\/Bildschirmfoto-2021-10-30-um-12.20.33-1024x683.png\" alt=\"\" class=\"wp-image-1204\" srcset=\"https:\/\/nackenheim-im-nationalsozialismus.de\/wp-content\/uploads\/2021\/10\/Bildschirmfoto-2021-10-30-um-12.20.33-1024x683.png 1024w, https:\/\/nackenheim-im-nationalsozialismus.de\/wp-content\/uploads\/2021\/10\/Bildschirmfoto-2021-10-30-um-12.20.33-300x200.png 300w, https:\/\/nackenheim-im-nationalsozialismus.de\/wp-content\/uploads\/2021\/10\/Bildschirmfoto-2021-10-30-um-12.20.33-768x512.png 768w, https:\/\/nackenheim-im-nationalsozialismus.de\/wp-content\/uploads\/2021\/10\/Bildschirmfoto-2021-10-30-um-12.20.33-1536x1024.png 1536w, https:\/\/nackenheim-im-nationalsozialismus.de\/wp-content\/uploads\/2021\/10\/Bildschirmfoto-2021-10-30-um-12.20.33-2048x1365.png 2048w, https:\/\/nackenheim-im-nationalsozialismus.de\/wp-content\/uploads\/2021\/10\/Bildschirmfoto-2021-10-30-um-12.20.33-500x333.png 500w, https:\/\/nackenheim-im-nationalsozialismus.de\/wp-content\/uploads\/2021\/10\/Bildschirmfoto-2021-10-30-um-12.20.33-800x533.png 800w, https:\/\/nackenheim-im-nationalsozialismus.de\/wp-content\/uploads\/2021\/10\/Bildschirmfoto-2021-10-30-um-12.20.33-1280x853.png 1280w, https:\/\/nackenheim-im-nationalsozialismus.de\/wp-content\/uploads\/2021\/10\/Bildschirmfoto-2021-10-30-um-12.20.33-1920x1280.png 1920w, https:\/\/nackenheim-im-nationalsozialismus.de\/wp-content\/uploads\/2021\/10\/Bildschirmfoto-2021-10-30-um-12.20.33-1200x800.png 1200w, https:\/\/nackenheim-im-nationalsozialismus.de\/wp-content\/uploads\/2021\/10\/Bildschirmfoto-2021-10-30-um-12.20.33-1980x1320.png 1980w\" sizes=\"(max-width: 1024px) 100vw, 1024px\" \/><figcaption>Information \u00fcber den Erlass zur Eingliederung der Feuerwehr in die Ortspolizei-verwaltung (<strong>Quelle:<\/strong> LA Sp. Best. U199, 1).<\/figcaption><\/figure><\/div>\n\n\n\n<p>Am 23. November 1938 wurde dies durch das \u201eGesetz \u00fcber das Feuerl\u00f6schwesen\u201c&nbsp;verpflichtend und jede Feuerwehr offiziell dem Reichsministerium des Inneren unterstellt.<\/p>\n\n\n\n<p>Der Dienst der Feuerwehr wurde durch den Krieg in einem ganz anderen Ma\u00df gebraucht. Bei Fliegeralarmen zum Beispiel wurde die Feuerwehr eingesetzt. Beim Fliegeralarm in Mainz war eine Nackenheimer L\u00f6schgruppe anwesend. Die Nackenheimer Feuerwehr war also auch im Umkreis t\u00e4tig. Bei einer Kontrolle wurde jedoch festgestellt, dass der F\u00fchrer dieser L\u00f6schgruppe nicht anwesend war, woraufhin dieser aufgrund von fehlender Disziplin entlassen wurde und eine Ordnungsstrafe erhielt, um die anderen Wehrm\u00e4nner von einem solchen Fehlverhalten abzuhalten.<\/p>\n\n\n\n<div class=\"wp-block-image\"><figure class=\"aligncenter size-large\"><img loading=\"lazy\" decoding=\"async\" width=\"755\" height=\"1024\" src=\"https:\/\/nackenheim-im-nationalsozialismus.de\/wp-content\/uploads\/2022\/01\/U-1991_1-755x1024.jpg\" alt=\"\" class=\"wp-image-2059\" srcset=\"https:\/\/nackenheim-im-nationalsozialismus.de\/wp-content\/uploads\/2022\/01\/U-1991_1-755x1024.jpg 755w, https:\/\/nackenheim-im-nationalsozialismus.de\/wp-content\/uploads\/2022\/01\/U-1991_1-221x300.jpg 221w, https:\/\/nackenheim-im-nationalsozialismus.de\/wp-content\/uploads\/2022\/01\/U-1991_1-768x1041.jpg 768w, https:\/\/nackenheim-im-nationalsozialismus.de\/wp-content\/uploads\/2022\/01\/U-1991_1-1133x1536.jpg 1133w, https:\/\/nackenheim-im-nationalsozialismus.de\/wp-content\/uploads\/2022\/01\/U-1991_1-1510x2048.jpg 1510w, https:\/\/nackenheim-im-nationalsozialismus.de\/wp-content\/uploads\/2022\/01\/U-1991_1-500x678.jpg 500w, https:\/\/nackenheim-im-nationalsozialismus.de\/wp-content\/uploads\/2022\/01\/U-1991_1-800x1085.jpg 800w, https:\/\/nackenheim-im-nationalsozialismus.de\/wp-content\/uploads\/2022\/01\/U-1991_1-1280x1736.jpg 1280w, https:\/\/nackenheim-im-nationalsozialismus.de\/wp-content\/uploads\/2022\/01\/U-1991_1-1200x1627.jpg 1200w, https:\/\/nackenheim-im-nationalsozialismus.de\/wp-content\/uploads\/2022\/01\/U-1991_1.jpg 1888w\" sizes=\"(max-width: 755px) 100vw, 755px\" \/><figcaption>Bekanntgabe der Absetzung eines L\u00f6schgruppenf\u00fchrers wegen (angeblicher) Unzuverl\u00e4ssigkeit (<strong>Quelle:<\/strong> LA Sp. Best. U199, 1).<\/figcaption><\/figure><\/div>\n\n\n\n<p>Dies war kein Einzelfall, denn fehlender Arbeitseinsatz wurde h\u00e4ufig dem Kreisamt Oppenheim durch den B\u00fcrgermeister gemeldet.<\/p>\n\n\n\n<p>Durch diese Ermahnungen sollte die Feuerwehr nach Au\u00dfen diszipliniert und vereint wirken. Dies zeigt auch ein Brief des Nackenheimer B\u00fcrgermeisters an die Mitglieder des Musikzuges der Freiwilligen Feuerwehr vom 08.10.1937, in dem er die Bef\u00fcrchtung \u00e4u\u00dfert, dass \u201e<em>die&nbsp;Aufgaben welche dem Musikzug gestellt sind, durch die Interessenlosigkeit einzelner Mitglieder sozusagen sabotiert und an der \u00d6ffentlichkeit ins L\u00e4cherliche gezogen werden<\/em>\u201c.&nbsp;<\/p>\n\n\n\n<div class=\"wp-block-image\"><figure class=\"aligncenter size-large\"><img loading=\"lazy\" decoding=\"async\" width=\"769\" height=\"1024\" src=\"https:\/\/nackenheim-im-nationalsozialismus.de\/wp-content\/uploads\/2021\/07\/Musikzug-Feuerwehr_U1991_1-769x1024.jpg\" alt=\"\" class=\"wp-image-685\" srcset=\"https:\/\/nackenheim-im-nationalsozialismus.de\/wp-content\/uploads\/2021\/07\/Musikzug-Feuerwehr_U1991_1-769x1024.jpg 769w, https:\/\/nackenheim-im-nationalsozialismus.de\/wp-content\/uploads\/2021\/07\/Musikzug-Feuerwehr_U1991_1-225x300.jpg 225w, https:\/\/nackenheim-im-nationalsozialismus.de\/wp-content\/uploads\/2021\/07\/Musikzug-Feuerwehr_U1991_1-768x1023.jpg 768w, https:\/\/nackenheim-im-nationalsozialismus.de\/wp-content\/uploads\/2021\/07\/Musikzug-Feuerwehr_U1991_1-1153x1536.jpg 1153w, https:\/\/nackenheim-im-nationalsozialismus.de\/wp-content\/uploads\/2021\/07\/Musikzug-Feuerwehr_U1991_1-1538x2048.jpg 1538w, https:\/\/nackenheim-im-nationalsozialismus.de\/wp-content\/uploads\/2021\/07\/Musikzug-Feuerwehr_U1991_1-500x666.jpg 500w, https:\/\/nackenheim-im-nationalsozialismus.de\/wp-content\/uploads\/2021\/07\/Musikzug-Feuerwehr_U1991_1-800x1066.jpg 800w, https:\/\/nackenheim-im-nationalsozialismus.de\/wp-content\/uploads\/2021\/07\/Musikzug-Feuerwehr_U1991_1-1280x1705.jpg 1280w, https:\/\/nackenheim-im-nationalsozialismus.de\/wp-content\/uploads\/2021\/07\/Musikzug-Feuerwehr_U1991_1-1920x2557.jpg 1920w, https:\/\/nackenheim-im-nationalsozialismus.de\/wp-content\/uploads\/2021\/07\/Musikzug-Feuerwehr_U1991_1-1200x1598.jpg 1200w, https:\/\/nackenheim-im-nationalsozialismus.de\/wp-content\/uploads\/2021\/07\/Musikzug-Feuerwehr_U1991_1-scaled.jpg 1922w\" sizes=\"(max-width: 769px) 100vw, 769px\" \/><figcaption>Der B\u00fcrgermeister kritisiert die Interessenlosigkeit der Musikzugmitglieder der Feuerwehr (<strong>Quelle:<\/strong> LA Sp. Best. U199, 1).<\/figcaption><\/figure><\/div>\n\n\n\n<p><br>Aus den von uns gesichteten Quellen ergibt sich, dass zumindest einzelne Mitglieder der Nackenheimer Feuerwehr durch Abwesenheit durchaus eine Form des Widerstands leisteten, was durch disziplinarische Ma\u00dfnahmen zu unterbinden versucht wurde. Auf der anderen Seite wurde die Nackenheimer Feuerwehr instrumentalisiert, da sie als Vorbild f\u00fcr die Nackenheimer agieren sollte. Da die Institution der Feuerwehr f\u00fcr viele B\u00fcrger*innen Vertrauen und Sicherheit suggerierte, konnte so indirekt die Ideologie der NSDAP durch die Feuerwehr propagiert werden.<\/p>\n\n\n\n<p class=\"has-secondary-color has-text-color\"><strong>Zwei von uns entwickelte Konzepte, die die Erinnerung an die Nackenheimer Feuerwehr in der Ortsgemeinschaft verankern und aufarbeiten m\u00f6chten, finden sich unter \u201e<a rel=\"noreferrer noopener\" href=\"https:\/\/nackenheim-im-nationalsozialismus.de\/?page_id=143\" target=\"_blank\">Leerstellen\u201c<\/a>.<\/strong><\/p>\n\n\n\n<p><strong>Quellen: <\/strong><\/p>\n\n\n\n<ul><li>LA Sp. Best. U199, 1<\/li><\/ul>\n\n\n\n<p><strong>Weiterf\u00fchrende Literatur:<\/strong><\/p>\n\n\n\n<ul><li><a rel=\"noreferrer noopener\" href=\"https:\/\/www.deutschlandfunkkultur.de\/verstrickt-oder-instrumentalisiert-feuerwehr- erforscht-ihre.976.de.html?dram:article_id=487690\" target=\"_blank\">https:\/\/www.deutschlandfunkkultur.de\/verstrickt-oder-instrumentalisiert-feuerwehr- erforscht-ihre.976.de.html?dram:article_id=487690<\/a><\/li><li><a rel=\"noreferrer noopener\" href=\"https:\/\/www.feuerloeschpolizei.de\/index.htm\u00f6\" target=\"_blank\">https:\/\/www.feuerloeschpolizei.de\/index.htm<\/a><\/li><\/ul>\n<\/div><\/div>\n<\/div>\n<\/div>\n<\/div><\/div>\n","protected":false},"excerpt":{"rendered":"<p>Ein Beitrag von Sch\u00fcler:innen der MSS11 Die Nackenheimer Feuerwehr im Nationalsozialismus &#8211; Zwischen Instrumentalisierung und widerst\u00e4ndischem Verhalten Die Feuerwehr ist wichtig f\u00fcr die Sicherheit und ist heute sowohl bei Br\u00e4nden, Unf\u00e4llen, aber zum Beispiel auch Naturkatastrophen essentiell. Auch fr\u00fcher schon war jeder Ort auf die heimische Feuerwehr angewiesen, doch durch den Krieg und den Nationalsozialismus [&hellip;]<\/p>\n","protected":false},"author":1,"featured_media":0,"parent":0,"menu_order":0,"comment_status":"closed","ping_status":"closed","template":"","meta":{"_vp_format_video_url":"","_vp_image_focal_point":[],"footnotes":""},"_links":{"self":[{"href":"https:\/\/nackenheim-im-nationalsozialismus.de\/index.php?rest_route=\/wp\/v2\/pages\/255"}],"collection":[{"href":"https:\/\/nackenheim-im-nationalsozialismus.de\/index.php?rest_route=\/wp\/v2\/pages"}],"about":[{"href":"https:\/\/nackenheim-im-nationalsozialismus.de\/index.php?rest_route=\/wp\/v2\/types\/page"}],"author":[{"embeddable":true,"href":"https:\/\/nackenheim-im-nationalsozialismus.de\/index.php?rest_route=\/wp\/v2\/users\/1"}],"replies":[{"embeddable":true,"href":"https:\/\/nackenheim-im-nationalsozialismus.de\/index.php?rest_route=%2Fwp%2Fv2%2Fcomments&post=255"}],"version-history":[{"count":21,"href":"https:\/\/nackenheim-im-nationalsozialismus.de\/index.php?rest_route=\/wp\/v2\/pages\/255\/revisions"}],"predecessor-version":[{"id":2060,"href":"https:\/\/nackenheim-im-nationalsozialismus.de\/index.php?rest_route=\/wp\/v2\/pages\/255\/revisions\/2060"}],"wp:attachment":[{"href":"https:\/\/nackenheim-im-nationalsozialismus.de\/index.php?rest_route=%2Fwp%2Fv2%2Fmedia&parent=255"}],"curies":[{"name":"wp","href":"https:\/\/api.w.org\/{rel}","templated":true}]}}

<p class="has-text-align-center has-accent-color has-text-color"><strong>Ein Beitrag von Schüler:innen der MSS11</strong></p>



<p class="has-text-align-center"><strong>Die Nackenheimer Feuerwehr im Nationalsozialismus &#8211; Zwischen Instrumentalisierung und widerständischem Verhalten</strong></p>



<div class="wp-block-group alignfull"><div class="wp-block-group__inner-container is-layout-flow wp-block-group-is-layout-flow">
<div class="wp-block-columns is-layout-flex wp-container-core-columns-is-layout-1 wp-block-columns-is-layout-flex">
<div class="wp-block-column is-layout-flow wp-block-column-is-layout-flow" style="flex-basis:100%">
<div class="wp-block-group alignfull"><div class="wp-block-group__inner-container is-layout-flow wp-block-group-is-layout-flow">
<p class="has-drop-cap">Die Feuerwehr ist wichtig für die Sicherheit und ist heute sowohl bei Bränden, Unfällen, aber zum Beispiel auch Naturkatastrophen essentiell. Auch früher schon war jeder Ort auf die heimische Feuerwehr angewiesen, doch durch den Krieg und den Nationalsozialismus wuchs der Aufgabenbereich der Feuerwehr. Inwiefern veränderten sich die Aufgaben und wie beeinflusste zum Beispiel die&nbsp;„Gleichschaltung“&nbsp;die Organisation und Verantwortung der Feuerwehr?</p>



<p>Unter dem nationalsozialistischen Regime begann ab 1933 in Deutschland die sogenannte&nbsp;„Gleichschaltung“. Verbände, Parteien, Medien und Vereine wurden also auf die Weltanschauung des Nationalsozialismus ausgerichtet und mussten den Vorgaben der NSDAP&nbsp;gehorchen. Am 1. Dezember 1933 trat das preußische „Gesetz über das Feuerlöschwesen“ in&nbsp;Kraft, welches besagte, dass die preußischen Feuerwehren der Ortspolizeiverwaltung und den Polizeiaufsichtsbehörden unterstellt werden sollten. Dies war der erste wichtige Schritt der&nbsp;„Gleichschaltung“&nbsp;der Feuerwehren in Deutschland.</p>



<p>In einem Erlass vom 5. Februar 1936 wurden auch die nichtpreußischen Länder aufgefordert, sich der Neuordnung der Feuerwehren anzuschließen. Dies betraf auch die Nackenheimer Feuerwehr. In einem Schreiben an die Bürgermeistereien des Kreises Oppenheim vom 24.&nbsp;April 1936 heißt es, dass „<em>auf Grund des Runderlasses</em> [&#8230;], <em>nachdem sich der Führerverpflichtet hat,</em> [die Feuerwehr] <em>dem Bürgermeister oder dem zuständigen&nbsp;Ortspolizeiverwalter zu unterstellen </em>[hat und diese] <em>in Zukunft</em> [&#8230;] <em>als Feuerwehrlöschpolizei anerkannt</em>  [wird]“.</p>



<div class="wp-block-image"><figure class="aligncenter size-large"><img loading="lazy" decoding="async" width="1024" height="683" src="https://nackenheim-im-nationalsozialismus.de/wp-content/uploads/2021/10/Bildschirmfoto-2021-10-30-um-12.20.33-1024x683.png" alt="" class="wp-image-1204" srcset="https://nackenheim-im-nationalsozialismus.de/wp-content/uploads/2021/10/Bildschirmfoto-2021-10-30-um-12.20.33-1024x683.png 1024w, https://nackenheim-im-nationalsozialismus.de/wp-content/uploads/2021/10/Bildschirmfoto-2021-10-30-um-12.20.33-300x200.png 300w, https://nackenheim-im-nationalsozialismus.de/wp-content/uploads/2021/10/Bildschirmfoto-2021-10-30-um-12.20.33-768x512.png 768w, https://nackenheim-im-nationalsozialismus.de/wp-content/uploads/2021/10/Bildschirmfoto-2021-10-30-um-12.20.33-1536x1024.png 1536w, https://nackenheim-im-nationalsozialismus.de/wp-content/uploads/2021/10/Bildschirmfoto-2021-10-30-um-12.20.33-2048x1365.png 2048w, https://nackenheim-im-nationalsozialismus.de/wp-content/uploads/2021/10/Bildschirmfoto-2021-10-30-um-12.20.33-500x333.png 500w, https://nackenheim-im-nationalsozialismus.de/wp-content/uploads/2021/10/Bildschirmfoto-2021-10-30-um-12.20.33-800x533.png 800w, https://nackenheim-im-nationalsozialismus.de/wp-content/uploads/2021/10/Bildschirmfoto-2021-10-30-um-12.20.33-1280x853.png 1280w, https://nackenheim-im-nationalsozialismus.de/wp-content/uploads/2021/10/Bildschirmfoto-2021-10-30-um-12.20.33-1920x1280.png 1920w, https://nackenheim-im-nationalsozialismus.de/wp-content/uploads/2021/10/Bildschirmfoto-2021-10-30-um-12.20.33-1200x800.png 1200w, https://nackenheim-im-nationalsozialismus.de/wp-content/uploads/2021/10/Bildschirmfoto-2021-10-30-um-12.20.33-1980x1320.png 1980w" sizes="(max-width: 1024px) 100vw, 1024px" /><figcaption>Information über den Erlass zur Eingliederung der Feuerwehr in die Ortspolizei-verwaltung (<strong>Quelle:</strong> LA Sp. Best. U199, 1).</figcaption></figure></div>



<p>Am 23. November 1938 wurde dies durch das „Gesetz über das Feuerlöschwesen“&nbsp;verpflichtend und jede Feuerwehr offiziell dem Reichsministerium des Inneren unterstellt.</p>



<p>Der Dienst der Feuerwehr wurde durch den Krieg in einem ganz anderen Maß gebraucht. Bei Fliegeralarmen zum Beispiel wurde die Feuerwehr eingesetzt. Beim Fliegeralarm in Mainz war eine Nackenheimer Löschgruppe anwesend. Die Nackenheimer Feuerwehr war also auch im Umkreis tätig. Bei einer Kontrolle wurde jedoch festgestellt, dass der Führer dieser Löschgruppe nicht anwesend war, woraufhin dieser aufgrund von fehlender Disziplin entlassen wurde und eine Ordnungsstrafe erhielt, um die anderen Wehrmänner von einem solchen Fehlverhalten abzuhalten.</p>



<div class="wp-block-image"><figure class="aligncenter size-large"><img loading="lazy" decoding="async" width="755" height="1024" src="https://nackenheim-im-nationalsozialismus.de/wp-content/uploads/2022/01/U-1991_1-755x1024.jpg" alt="" class="wp-image-2059" srcset="https://nackenheim-im-nationalsozialismus.de/wp-content/uploads/2022/01/U-1991_1-755x1024.jpg 755w, https://nackenheim-im-nationalsozialismus.de/wp-content/uploads/2022/01/U-1991_1-221x300.jpg 221w, https://nackenheim-im-nationalsozialismus.de/wp-content/uploads/2022/01/U-1991_1-768x1041.jpg 768w, https://nackenheim-im-nationalsozialismus.de/wp-content/uploads/2022/01/U-1991_1-1133x1536.jpg 1133w, https://nackenheim-im-nationalsozialismus.de/wp-content/uploads/2022/01/U-1991_1-1510x2048.jpg 1510w, https://nackenheim-im-nationalsozialismus.de/wp-content/uploads/2022/01/U-1991_1-500x678.jpg 500w, https://nackenheim-im-nationalsozialismus.de/wp-content/uploads/2022/01/U-1991_1-800x1085.jpg 800w, https://nackenheim-im-nationalsozialismus.de/wp-content/uploads/2022/01/U-1991_1-1280x1736.jpg 1280w, https://nackenheim-im-nationalsozialismus.de/wp-content/uploads/2022/01/U-1991_1-1200x1627.jpg 1200w, https://nackenheim-im-nationalsozialismus.de/wp-content/uploads/2022/01/U-1991_1.jpg 1888w" sizes="(max-width: 755px) 100vw, 755px" /><figcaption>Bekanntgabe der Absetzung eines Löschgruppenführers wegen (angeblicher) Unzuverlässigkeit (<strong>Quelle:</strong> LA Sp. Best. U199, 1).</figcaption></figure></div>



<p>Dies war kein Einzelfall, denn fehlender Arbeitseinsatz wurde häufig dem Kreisamt Oppenheim durch den Bürgermeister gemeldet.</p>



<p>Durch diese Ermahnungen sollte die Feuerwehr nach Außen diszipliniert und vereint wirken. Dies zeigt auch ein Brief des Nackenheimer Bürgermeisters an die Mitglieder des Musikzuges der Freiwilligen Feuerwehr vom 08.10.1937, in dem er die Befürchtung äußert, dass „<em>die&nbsp;Aufgaben welche dem Musikzug gestellt sind, durch die Interessenlosigkeit einzelner Mitglieder sozusagen sabotiert und an der Öffentlichkeit ins Lächerliche gezogen werden</em>“.&nbsp;</p>



<div class="wp-block-image"><figure class="aligncenter size-large"><img loading="lazy" decoding="async" width="769" height="1024" src="https://nackenheim-im-nationalsozialismus.de/wp-content/uploads/2021/07/Musikzug-Feuerwehr_U1991_1-769x1024.jpg" alt="" class="wp-image-685" srcset="https://nackenheim-im-nationalsozialismus.de/wp-content/uploads/2021/07/Musikzug-Feuerwehr_U1991_1-769x1024.jpg 769w, https://nackenheim-im-nationalsozialismus.de/wp-content/uploads/2021/07/Musikzug-Feuerwehr_U1991_1-225x300.jpg 225w, https://nackenheim-im-nationalsozialismus.de/wp-content/uploads/2021/07/Musikzug-Feuerwehr_U1991_1-768x1023.jpg 768w, https://nackenheim-im-nationalsozialismus.de/wp-content/uploads/2021/07/Musikzug-Feuerwehr_U1991_1-1153x1536.jpg 1153w, https://nackenheim-im-nationalsozialismus.de/wp-content/uploads/2021/07/Musikzug-Feuerwehr_U1991_1-1538x2048.jpg 1538w, https://nackenheim-im-nationalsozialismus.de/wp-content/uploads/2021/07/Musikzug-Feuerwehr_U1991_1-500x666.jpg 500w, https://nackenheim-im-nationalsozialismus.de/wp-content/uploads/2021/07/Musikzug-Feuerwehr_U1991_1-800x1066.jpg 800w, https://nackenheim-im-nationalsozialismus.de/wp-content/uploads/2021/07/Musikzug-Feuerwehr_U1991_1-1280x1705.jpg 1280w, https://nackenheim-im-nationalsozialismus.de/wp-content/uploads/2021/07/Musikzug-Feuerwehr_U1991_1-1920x2557.jpg 1920w, https://nackenheim-im-nationalsozialismus.de/wp-content/uploads/2021/07/Musikzug-Feuerwehr_U1991_1-1200x1598.jpg 1200w, https://nackenheim-im-nationalsozialismus.de/wp-content/uploads/2021/07/Musikzug-Feuerwehr_U1991_1-scaled.jpg 1922w" sizes="(max-width: 769px) 100vw, 769px" /><figcaption>Der Bürgermeister kritisiert die Interessenlosigkeit der Musikzugmitglieder der Feuerwehr (<strong>Quelle:</strong> LA Sp. Best. U199, 1).</figcaption></figure></div>



<p><br>Aus den von uns gesichteten Quellen ergibt sich, dass zumindest einzelne Mitglieder der Nackenheimer Feuerwehr durch Abwesenheit durchaus eine Form des Widerstands leisteten, was durch disziplinarische Maßnahmen zu unterbinden versucht wurde. Auf der anderen Seite wurde die Nackenheimer Feuerwehr instrumentalisiert, da sie als Vorbild für die Nackenheimer agieren sollte. Da die Institution der Feuerwehr für viele Bürger*innen Vertrauen und Sicherheit suggerierte, konnte so indirekt die Ideologie der NSDAP durch die Feuerwehr propagiert werden.</p>



<p class="has-secondary-color has-text-color"><strong>Zwei von uns entwickelte Konzepte, die die Erinnerung an die Nackenheimer Feuerwehr in der Ortsgemeinschaft verankern und aufarbeiten möchten, finden sich unter „<a rel="noreferrer noopener" href="https://nackenheim-im-nationalsozialismus.de/?page_id=143" target="_blank">Leerstellen“</a>.</strong></p>



<p><strong>Quellen: </strong></p>



<ul><li>LA Sp. Best. U199, 1</li></ul>



<p><strong>Weiterführende Literatur:</strong></p>



<ul><li><a rel="noreferrer noopener" href="https://www.deutschlandfunkkultur.de/verstrickt-oder-instrumentalisiert-feuerwehr- erforscht-ihre.976.de.html?dram:article_id=487690" target="_blank">https://www.deutschlandfunkkultur.de/verstrickt-oder-instrumentalisiert-feuerwehr- erforscht-ihre.976.de.html?dram:article_id=487690</a></li><li><a rel="noreferrer noopener" href="https://www.feuerloeschpolizei.de/index.htmö" target="_blank">https://www.feuerloeschpolizei.de/index.htm</a></li></ul>
</div></div>
</div>
</div>
</div></div>

<p>Ein Beitrag von Schüler:innen der MSS11 Die Nackenheimer Feuerwehr im Nationalsozialismus &#8211; Zwischen Instrumentalisierung und widerständischem Verhalten Die Feuerwehr ist wichtig für die Sicherheit und ist heute sowohl bei Bränden, Unfällen, aber zum Beispiel auch Naturkatastrophen essentiell. Auch früher schon war jeder Ort auf die heimische Feuerwehr angewiesen, doch durch den Krieg und den Nationalsozialismus [&hellip;]</p>
