{"id":257,"date":"2021-07-15T12:11:35","date_gmt":"2021-07-15T12:11:35","guid":{"rendered":"https:\/\/nackenheim-im-nationalsozialismus.de\/?page_id=257"},"modified":"2022-01-04T15:48:51","modified_gmt":"2022-01-04T15:48:51","slug":"krieg","status":"publish","type":"page","link":"https:\/\/nackenheim-im-nationalsozialismus.de\/?page_id=257","title":{"rendered":"Krieg"},"content":{"rendered":"\n<div class=\"wp-block-group alignwide\"><div class=\"wp-block-group__inner-container is-layout-flow wp-block-group-is-layout-flow\">\n<p class=\"has-text-align-center has-accent-color has-text-color\"><strong>Ein Beitrag von Sch\u00fcler:innen der MSS11<\/strong><\/p>\n<\/div><\/div>\n\n\n\n<figure class=\"wp-block-image size-large\"><img loading=\"lazy\" decoding=\"async\" width=\"1024\" height=\"591\" src=\"https:\/\/nackenheim-im-nationalsozialismus.de\/wp-content\/uploads\/2021\/09\/Bildschirmfoto-2021-09-23-um-12.37.15-1024x591.png\" alt=\"\" class=\"wp-image-1193\" srcset=\"https:\/\/nackenheim-im-nationalsozialismus.de\/wp-content\/uploads\/2021\/09\/Bildschirmfoto-2021-09-23-um-12.37.15-1024x591.png 1024w, https:\/\/nackenheim-im-nationalsozialismus.de\/wp-content\/uploads\/2021\/09\/Bildschirmfoto-2021-09-23-um-12.37.15-300x173.png 300w, https:\/\/nackenheim-im-nationalsozialismus.de\/wp-content\/uploads\/2021\/09\/Bildschirmfoto-2021-09-23-um-12.37.15-768x443.png 768w, https:\/\/nackenheim-im-nationalsozialismus.de\/wp-content\/uploads\/2021\/09\/Bildschirmfoto-2021-09-23-um-12.37.15-1536x886.png 1536w, https:\/\/nackenheim-im-nationalsozialismus.de\/wp-content\/uploads\/2021\/09\/Bildschirmfoto-2021-09-23-um-12.37.15-2048x1182.png 2048w, https:\/\/nackenheim-im-nationalsozialismus.de\/wp-content\/uploads\/2021\/09\/Bildschirmfoto-2021-09-23-um-12.37.15-500x289.png 500w, https:\/\/nackenheim-im-nationalsozialismus.de\/wp-content\/uploads\/2021\/09\/Bildschirmfoto-2021-09-23-um-12.37.15-800x462.png 800w, https:\/\/nackenheim-im-nationalsozialismus.de\/wp-content\/uploads\/2021\/09\/Bildschirmfoto-2021-09-23-um-12.37.15-1280x739.png 1280w, https:\/\/nackenheim-im-nationalsozialismus.de\/wp-content\/uploads\/2021\/09\/Bildschirmfoto-2021-09-23-um-12.37.15-1920x1108.png 1920w, https:\/\/nackenheim-im-nationalsozialismus.de\/wp-content\/uploads\/2021\/09\/Bildschirmfoto-2021-09-23-um-12.37.15-1200x692.png 1200w, https:\/\/nackenheim-im-nationalsozialismus.de\/wp-content\/uploads\/2021\/09\/Bildschirmfoto-2021-09-23-um-12.37.15-1980x1142.png 1980w\" sizes=\"(max-width: 1024px) 100vw, 1024px\" \/><figcaption>Auszug aus den im Erwachsenenalter privat verschriftlichten Erinnerungen einer 1931 geborenen Nackenheimerin (<strong>Quelle<\/strong>: privat)<\/figcaption><\/figure>\n\n\n\n<p class=\"has-drop-cap\">Nackenheim, ein Dorf in der N\u00e4he von Mainz, von dem es bisher wenig verschriftlichte Informationen aus dem Zweiten Weltkrieg gibt. Eine 1931 geborene Zeitzeugin, die zu dieser Zeit in Nackenheim lebte, hielt ihre Erinnerungen an die Kriegszeit im Erwachsenenalter fest. Diese Erinnerungen wurden uns freundlicher Weise f\u00fcr unsere Arbeit zur Verf\u00fcgung gestellt. Aus dieser und weiteren Quellen konnten wir einiges \u00fcber Nackenheim herausfinden.<\/p>\n\n\n\n<p>1939 begann der 2. Weltkrieg, doch bis zum August 1941 war das Dorf Nackenheim noch kaum merkbar betroffen. Nach langen Vorbereitungen zerst\u00f6rten die Luftminen mehrere Geb\u00e4ude und sch\u00e4digten fast alle H\u00e4user, so berichtet die Zeitzeugin. Als Sicherheitsma\u00dfnahme f\u00fcr die Br\u00e4nde hatte jeder Haushalt eine Kiste Sand und zwei Eimer voll mit Wasser bereitgestellt. In dieser Krisensituation wurden fast alle M\u00e4nner als Soldaten eingezogen, um das Milit\u00e4r zu unterst\u00fctzen. <\/p>\n\n\n\n<figure class=\"wp-block-image size-large\"><img loading=\"lazy\" decoding=\"async\" width=\"1024\" height=\"291\" src=\"https:\/\/nackenheim-im-nationalsozialismus.de\/wp-content\/uploads\/2021\/10\/Bildschirmfoto-2021-10-30-um-12.59.12-1024x291.png\" alt=\"\" class=\"wp-image-1218\" srcset=\"https:\/\/nackenheim-im-nationalsozialismus.de\/wp-content\/uploads\/2021\/10\/Bildschirmfoto-2021-10-30-um-12.59.12-1024x291.png 1024w, https:\/\/nackenheim-im-nationalsozialismus.de\/wp-content\/uploads\/2021\/10\/Bildschirmfoto-2021-10-30-um-12.59.12-300x85.png 300w, https:\/\/nackenheim-im-nationalsozialismus.de\/wp-content\/uploads\/2021\/10\/Bildschirmfoto-2021-10-30-um-12.59.12-768x219.png 768w, https:\/\/nackenheim-im-nationalsozialismus.de\/wp-content\/uploads\/2021\/10\/Bildschirmfoto-2021-10-30-um-12.59.12-500x142.png 500w, https:\/\/nackenheim-im-nationalsozialismus.de\/wp-content\/uploads\/2021\/10\/Bildschirmfoto-2021-10-30-um-12.59.12-800x228.png 800w, https:\/\/nackenheim-im-nationalsozialismus.de\/wp-content\/uploads\/2021\/10\/Bildschirmfoto-2021-10-30-um-12.59.12-1280x364.png 1280w, https:\/\/nackenheim-im-nationalsozialismus.de\/wp-content\/uploads\/2021\/10\/Bildschirmfoto-2021-10-30-um-12.59.12-1200x342.png 1200w, https:\/\/nackenheim-im-nationalsozialismus.de\/wp-content\/uploads\/2021\/10\/Bildschirmfoto-2021-10-30-um-12.59.12.png 1349w\" sizes=\"(max-width: 1024px) 100vw, 1024px\" \/><figcaption>Auszug aus den im Erwachsenenalter privat verschriftlichten Erinnerungen einer 1931 geborenen Nackenheimerin (<strong>Quelle<\/strong>: privat)<\/figcaption><\/figure>\n\n\n\n<p>Als Folge des nun ernsten Krieges wurden alle Lebensmittel und G\u00fcter in Nackenheim rationiert und man ben\u00f6tigte einen Bezugschein um sie abzuholen. Aufgrund von mehreren Bombenangriffen mussten viele Familien in Nackenheim ein Zimmer f\u00fcr jetzt Obdachlose frei r\u00e4umen, um ihnen einen Unterschlupf zu bieten. Es galt ein Verbot, ausl\u00e4ndische Radiosender anzuh\u00f6ren. Deshalb haben sich einige Familien eine Rastertafel gebaut.<\/p>\n\n\n\n<p>Alle paar Wochen gingen Parteimitglieder der NSDAP mit W\u00e4schek\u00f6rben durch Nackenheim um Kleidung einzutauschen. Da alle Tiere angemeldet werden mussten, wurden regelm\u00e4\u00dfig Viehz\u00e4hlungen durchgef\u00fchrt. Soldaten mit spezieller Ausbildung zum Sanit\u00e4ter wurden f\u00fcr die Evakuierung bei Fliegeralarm eingesetzt. Einer der Luftschutzbunker in Nackenheim war der Gew\u00f6lbekeller des Weingutes Usinger, hier fand jeder Schutz, der keinen eigenen geeigneten Keller hatte. &#8222;Ausl\u00e4nder&#8220; waren jedoch von diesem Privileg ausgenommen, sie mussten in den Luftschutzkeller der Nackenheimer Schule.&nbsp;<\/p>\n\n\n\n<p>F\u00fcr &#8222;Ausl\u00e4nder&#8220; herrschte au\u00dferdem eine Speerstunde ab 20 Uhr, bei Missachtung wurde man in Haft genommen. Dies geht aus der folgenden Quelle hervor.<\/p>\n\n\n\n<div class=\"wp-block-image\"><figure class=\"aligncenter size-large\"><img loading=\"lazy\" decoding=\"async\" width=\"1024\" height=\"768\" src=\"https:\/\/nackenheim-im-nationalsozialismus.de\/wp-content\/uploads\/2022\/01\/U-199-1-I_1-1024x768.jpg\" alt=\"\" class=\"wp-image-2061\" srcset=\"https:\/\/nackenheim-im-nationalsozialismus.de\/wp-content\/uploads\/2022\/01\/U-199-1-I_1-1024x768.jpg 1024w, https:\/\/nackenheim-im-nationalsozialismus.de\/wp-content\/uploads\/2022\/01\/U-199-1-I_1-300x225.jpg 300w, https:\/\/nackenheim-im-nationalsozialismus.de\/wp-content\/uploads\/2022\/01\/U-199-1-I_1-768x576.jpg 768w, https:\/\/nackenheim-im-nationalsozialismus.de\/wp-content\/uploads\/2022\/01\/U-199-1-I_1-1536x1152.jpg 1536w, https:\/\/nackenheim-im-nationalsozialismus.de\/wp-content\/uploads\/2022\/01\/U-199-1-I_1-2048x1536.jpg 2048w, https:\/\/nackenheim-im-nationalsozialismus.de\/wp-content\/uploads\/2022\/01\/U-199-1-I_1-500x375.jpg 500w, https:\/\/nackenheim-im-nationalsozialismus.de\/wp-content\/uploads\/2022\/01\/U-199-1-I_1-800x600.jpg 800w, https:\/\/nackenheim-im-nationalsozialismus.de\/wp-content\/uploads\/2022\/01\/U-199-1-I_1-1280x960.jpg 1280w, https:\/\/nackenheim-im-nationalsozialismus.de\/wp-content\/uploads\/2022\/01\/U-199-1-I_1-1920x1440.jpg 1920w, https:\/\/nackenheim-im-nationalsozialismus.de\/wp-content\/uploads\/2022\/01\/U-199-1-I_1-1200x900.jpg 1200w, https:\/\/nackenheim-im-nationalsozialismus.de\/wp-content\/uploads\/2022\/01\/U-199-1-I_1-1980x1485.jpg 1980w\" sizes=\"(max-width: 1024px) 100vw, 1024px\" \/><figcaption>Ausl\u00e4nder m\u00fcssen in bestimmte Bunker und haben eine Sperrstunde einzuhalten. (<strong>Quelle<\/strong>: LA Sp., Best. U199, 1).<\/figcaption><\/figure><\/div>\n\n\n\n<p>Besonders aus Mainz und anderen gr\u00f6\u00dferen St\u00e4dten fl\u00fcchteten immer mehr B\u00fcrger nach Nackenheim und in andere D\u00f6rfer, da St\u00e4dte extremst von Bombenangriffen betroffen waren. Auch franz\u00f6sische und russische Kriegsgefangene wurden nach Nackenheim gebracht um Zwangsarbeit auf Feldern sowie in Weing\u00fctern zu verrichten.<\/p>\n\n\n\n<p>Viele der zur\u00fcckkehrenden Soldaten waren abgemagert und nicht arbeitsf\u00e4hig. Diese mussten dann von den Nackenheimern gepflegt und versorgt werden, jedoch starben&nbsp;manche von ihnen recht fr\u00fch. Aus Angst haben Familien ihre Wertsachen in ihren Gem\u00e4uern versteckt. W\u00e4hrend dieser Zeit wurden vielen Familien Kriegsgefangene und Soldaten zugeteilt, damit sie sie pflegten.&nbsp;Als die amerikanische Armee immer n\u00e4her r\u00fcckte, wuchs die Angst der B\u00fcrger, sodass sie sich auf lange N\u00e4chte in Luftschutzbunkern vorbereiten. Am 21. M\u00e4rz 1945 wurde heftig geschossen und Nackenheim wurde von den Amerikanern befreit. Als die Amerikaner im Juli 1945 abzogen, besetzten franz\u00f6sische Truppen Nackenheim.<\/p>\n\n\n\n<blockquote class=\"wp-block-quote is-style-default is-layout-flow wp-block-quote-is-layout-flow\"><p>\u201e<em>Mainz ist auch von den Franzosen besetzt, in Nackenheim ist noch keiner, aber eine franz\u00f6sische Milit\u00e4reinheit wird irgendwann diese Woche erwartet, und alle haben schon Angst.<\/em>\u201c<\/p><cite><meta charset=\"utf-8\"><strong>Herbert Wolff am 30. Juli 1945 an seinen Bruder Helmut in New York<\/strong>, <br>zit. n. Wolff, Raymond, Graf, Martina; Graf, Hans-Dieter; Berkessel, Hans (Hrsg.): Schreie auf Papier. Oppenheim 2021.<\/cite><\/blockquote>\n\n\n\n<figure class=\"wp-block-gallery columns-1 is-cropped wp-block-gallery-1 is-layout-flex wp-block-gallery-is-layout-flex\"><ul class=\"blocks-gallery-grid\"><li class=\"blocks-gallery-item\"><figure><img loading=\"lazy\" decoding=\"async\" width=\"674\" height=\"1024\" src=\"https:\/\/nackenheim-im-nationalsozialismus.de\/wp-content\/uploads\/2021\/10\/Landskrone-Kriegsbeginn_1-674x1024.jpg\" alt=\"\" data-id=\"1221\" data-link=\"https:\/\/nackenheim-im-nationalsozialismus.de\/?attachment_id=1221\" class=\"wp-image-1221\" srcset=\"https:\/\/nackenheim-im-nationalsozialismus.de\/wp-content\/uploads\/2021\/10\/Landskrone-Kriegsbeginn_1-674x1024.jpg 674w, https:\/\/nackenheim-im-nationalsozialismus.de\/wp-content\/uploads\/2021\/10\/Landskrone-Kriegsbeginn_1-197x300.jpg 197w, https:\/\/nackenheim-im-nationalsozialismus.de\/wp-content\/uploads\/2021\/10\/Landskrone-Kriegsbeginn_1-768x1167.jpg 768w, https:\/\/nackenheim-im-nationalsozialismus.de\/wp-content\/uploads\/2021\/10\/Landskrone-Kriegsbeginn_1-1011x1536.jpg 1011w, https:\/\/nackenheim-im-nationalsozialismus.de\/wp-content\/uploads\/2021\/10\/Landskrone-Kriegsbeginn_1-1348x2048.jpg 1348w, https:\/\/nackenheim-im-nationalsozialismus.de\/wp-content\/uploads\/2021\/10\/Landskrone-Kriegsbeginn_1-500x760.jpg 500w, https:\/\/nackenheim-im-nationalsozialismus.de\/wp-content\/uploads\/2021\/10\/Landskrone-Kriegsbeginn_1-800x1215.jpg 800w, https:\/\/nackenheim-im-nationalsozialismus.de\/wp-content\/uploads\/2021\/10\/Landskrone-Kriegsbeginn_1-1280x1945.jpg 1280w, https:\/\/nackenheim-im-nationalsozialismus.de\/wp-content\/uploads\/2021\/10\/Landskrone-Kriegsbeginn_1-1200x1823.jpg 1200w, https:\/\/nackenheim-im-nationalsozialismus.de\/wp-content\/uploads\/2021\/10\/Landskrone-Kriegsbeginn_1.jpg 1664w\" sizes=\"(max-width: 674px) 100vw, 674px\" \/><figcaption class=\"blocks-gallery-item__caption\">Hier erkennt man das Titelblatt der Oppenheimer Landskrone, einer rheinhessischen Zeitung in der Ausgabe vom 01. September 1939<\/figcaption><\/figure><\/li><li class=\"blocks-gallery-item\"><figure><img loading=\"lazy\" decoding=\"async\" width=\"1024\" height=\"830\" src=\"https:\/\/nackenheim-im-nationalsozialismus.de\/wp-content\/uploads\/2021\/10\/Landskrone23.09.1939-Kriegspost_1-1-1024x830.jpg\" alt=\"\" data-id=\"1227\" data-link=\"https:\/\/nackenheim-im-nationalsozialismus.de\/?attachment_id=1227\" class=\"wp-image-1227\" srcset=\"https:\/\/nackenheim-im-nationalsozialismus.de\/wp-content\/uploads\/2021\/10\/Landskrone23.09.1939-Kriegspost_1-1-1024x830.jpg 1024w, https:\/\/nackenheim-im-nationalsozialismus.de\/wp-content\/uploads\/2021\/10\/Landskrone23.09.1939-Kriegspost_1-1-300x243.jpg 300w, https:\/\/nackenheim-im-nationalsozialismus.de\/wp-content\/uploads\/2021\/10\/Landskrone23.09.1939-Kriegspost_1-1-768x622.jpg 768w, https:\/\/nackenheim-im-nationalsozialismus.de\/wp-content\/uploads\/2021\/10\/Landskrone23.09.1939-Kriegspost_1-1-1536x1245.jpg 1536w, https:\/\/nackenheim-im-nationalsozialismus.de\/wp-content\/uploads\/2021\/10\/Landskrone23.09.1939-Kriegspost_1-1-500x405.jpg 500w, https:\/\/nackenheim-im-nationalsozialismus.de\/wp-content\/uploads\/2021\/10\/Landskrone23.09.1939-Kriegspost_1-1-800x648.jpg 800w, https:\/\/nackenheim-im-nationalsozialismus.de\/wp-content\/uploads\/2021\/10\/Landskrone23.09.1939-Kriegspost_1-1-1280x1037.jpg 1280w, https:\/\/nackenheim-im-nationalsozialismus.de\/wp-content\/uploads\/2021\/10\/Landskrone23.09.1939-Kriegspost_1-1-1200x972.jpg 1200w, https:\/\/nackenheim-im-nationalsozialismus.de\/wp-content\/uploads\/2021\/10\/Landskrone23.09.1939-Kriegspost_1-1.jpg 1856w\" sizes=\"(max-width: 1024px) 100vw, 1024px\" \/><figcaption class=\"blocks-gallery-item__caption\">Hier ist ein Artikel \u201eFeldpostsendungen\u201c aus der lokalen Zeitung &#8222;Oppenheimer Landskrone&#8220; von Samstag, den 23. September 1939 zu erkennen.<\/figcaption><\/figure><\/li><li class=\"blocks-gallery-item\"><figure><img loading=\"lazy\" decoding=\"async\" width=\"937\" height=\"1024\" src=\"https:\/\/nackenheim-im-nationalsozialismus.de\/wp-content\/uploads\/2021\/10\/Militaerkonzert_1941-937x1024.png\" alt=\"\" data-id=\"1228\" data-full-url=\"https:\/\/nackenheim-im-nationalsozialismus.de\/wp-content\/uploads\/2021\/10\/Militaerkonzert_1941.png\" data-link=\"https:\/\/nackenheim-im-nationalsozialismus.de\/?attachment_id=1228\" class=\"wp-image-1228\" srcset=\"https:\/\/nackenheim-im-nationalsozialismus.de\/wp-content\/uploads\/2021\/10\/Militaerkonzert_1941-937x1024.png 937w, https:\/\/nackenheim-im-nationalsozialismus.de\/wp-content\/uploads\/2021\/10\/Militaerkonzert_1941-274x300.png 274w, https:\/\/nackenheim-im-nationalsozialismus.de\/wp-content\/uploads\/2021\/10\/Militaerkonzert_1941-768x839.png 768w, https:\/\/nackenheim-im-nationalsozialismus.de\/wp-content\/uploads\/2021\/10\/Militaerkonzert_1941-500x547.png 500w, https:\/\/nackenheim-im-nationalsozialismus.de\/wp-content\/uploads\/2021\/10\/Militaerkonzert_1941-800x874.png 800w, https:\/\/nackenheim-im-nationalsozialismus.de\/wp-content\/uploads\/2021\/10\/Militaerkonzert_1941.png 1150w\" sizes=\"(max-width: 937px) 100vw, 937px\" \/><figcaption class=\"blocks-gallery-item__caption\">In dem Brief vom 2. Mai 1941 geht es um ein Antwortschreiben des B\u00fcrgermeisters an einen Trompetenkorps, die ein Milit\u00e4rkonzert halten wollen. (<strong>Quelle:<\/strong> LA Sp. Best. U199,1).<\/figcaption><\/figure><\/li><\/ul><\/figure>\n\n\n\n<figure class=\"wp-block-gallery columns-2 wp-block-gallery-2 is-layout-flex wp-block-gallery-is-layout-flex\"><ul class=\"blocks-gallery-grid\"><li class=\"blocks-gallery-item\"><figure><img loading=\"lazy\" decoding=\"async\" width=\"755\" height=\"1024\" src=\"https:\/\/nackenheim-im-nationalsozialismus.de\/wp-content\/uploads\/2022\/01\/U-1991I_1-755x1024.jpg\" alt=\"\" data-id=\"2063\" data-full-url=\"https:\/\/nackenheim-im-nationalsozialismus.de\/wp-content\/uploads\/2022\/01\/U-1991I_1.jpg\" data-link=\"https:\/\/nackenheim-im-nationalsozialismus.de\/?attachment_id=2063\" class=\"wp-image-2063\" srcset=\"https:\/\/nackenheim-im-nationalsozialismus.de\/wp-content\/uploads\/2022\/01\/U-1991I_1-755x1024.jpg 755w, https:\/\/nackenheim-im-nationalsozialismus.de\/wp-content\/uploads\/2022\/01\/U-1991I_1-221x300.jpg 221w, https:\/\/nackenheim-im-nationalsozialismus.de\/wp-content\/uploads\/2022\/01\/U-1991I_1-768x1041.jpg 768w, https:\/\/nackenheim-im-nationalsozialismus.de\/wp-content\/uploads\/2022\/01\/U-1991I_1-1133x1536.jpg 1133w, https:\/\/nackenheim-im-nationalsozialismus.de\/wp-content\/uploads\/2022\/01\/U-1991I_1-1510x2048.jpg 1510w, https:\/\/nackenheim-im-nationalsozialismus.de\/wp-content\/uploads\/2022\/01\/U-1991I_1-500x678.jpg 500w, https:\/\/nackenheim-im-nationalsozialismus.de\/wp-content\/uploads\/2022\/01\/U-1991I_1-800x1085.jpg 800w, https:\/\/nackenheim-im-nationalsozialismus.de\/wp-content\/uploads\/2022\/01\/U-1991I_1-1280x1736.jpg 1280w, https:\/\/nackenheim-im-nationalsozialismus.de\/wp-content\/uploads\/2022\/01\/U-1991I_1-1200x1627.jpg 1200w, https:\/\/nackenheim-im-nationalsozialismus.de\/wp-content\/uploads\/2022\/01\/U-1991I_1.jpg 1888w\" sizes=\"(max-width: 755px) 100vw, 755px\" \/><\/figure><\/li><li class=\"blocks-gallery-item\"><figure><img loading=\"lazy\" decoding=\"async\" width=\"1024\" height=\"759\" src=\"https:\/\/nackenheim-im-nationalsozialismus.de\/wp-content\/uploads\/2022\/01\/U-1991I_2-1024x759.jpg\" alt=\"\" data-id=\"2064\" data-full-url=\"https:\/\/nackenheim-im-nationalsozialismus.de\/wp-content\/uploads\/2022\/01\/U-1991I_2-scaled.jpg\" data-link=\"https:\/\/nackenheim-im-nationalsozialismus.de\/?attachment_id=2064\" class=\"wp-image-2064\" srcset=\"https:\/\/nackenheim-im-nationalsozialismus.de\/wp-content\/uploads\/2022\/01\/U-1991I_2-1024x759.jpg 1024w, https:\/\/nackenheim-im-nationalsozialismus.de\/wp-content\/uploads\/2022\/01\/U-1991I_2-300x222.jpg 300w, https:\/\/nackenheim-im-nationalsozialismus.de\/wp-content\/uploads\/2022\/01\/U-1991I_2-768x569.jpg 768w, https:\/\/nackenheim-im-nationalsozialismus.de\/wp-content\/uploads\/2022\/01\/U-1991I_2-1536x1138.jpg 1536w, https:\/\/nackenheim-im-nationalsozialismus.de\/wp-content\/uploads\/2022\/01\/U-1991I_2-2048x1517.jpg 2048w, https:\/\/nackenheim-im-nationalsozialismus.de\/wp-content\/uploads\/2022\/01\/U-1991I_2-500x370.jpg 500w, https:\/\/nackenheim-im-nationalsozialismus.de\/wp-content\/uploads\/2022\/01\/U-1991I_2-800x593.jpg 800w, https:\/\/nackenheim-im-nationalsozialismus.de\/wp-content\/uploads\/2022\/01\/U-1991I_2-1280x948.jpg 1280w, https:\/\/nackenheim-im-nationalsozialismus.de\/wp-content\/uploads\/2022\/01\/U-1991I_2-1920x1422.jpg 1920w, https:\/\/nackenheim-im-nationalsozialismus.de\/wp-content\/uploads\/2022\/01\/U-1991I_2-1200x889.jpg 1200w, https:\/\/nackenheim-im-nationalsozialismus.de\/wp-content\/uploads\/2022\/01\/U-1991I_2-1980x1467.jpg 1980w\" sizes=\"(max-width: 1024px) 100vw, 1024px\" \/><\/figure><\/li><\/ul><figcaption class=\"blocks-gallery-caption\">Briefverkehr zwischen dem Wehrmeldeamt und dem B\u00fcrgermeister Nackenheims (<strong>Quelle<\/strong>: LA Sp. Best. U199,1).<br><br>I. <strong>Einberufung von Cornelius Recht<\/strong><br>In dem anonymen Schreiben wird ein Friseur dazu aufgefordert, zur Wehrmacht zu gehen. In Nackenheim g\u00e4be es  genug Friseure und er habe einen Sohn, der den Laden schon leite und h\u00e4tte deswegen keinen Grund mehr, sich zu weigern zur Wehrmacht zu gehen. Des Weiteren w\u00e4re auch schon alle seine Altersgenossen in der Wehrmacht und auch Kunden von ihm. <br><br>II. <strong>Schreiben vom 17. Januar 1942<\/strong> <br>Der B\u00fcrgermeister Nackenheims antwortet dem Wehrmeldeamt. Die Angaben des anonymen Briefeschreibers werden zur\u00fcckgewiesen.<\/figcaption><\/figure>\n\n\n\n<div class=\"wp-block-image\"><figure class=\"aligncenter size-large\"><img loading=\"lazy\" decoding=\"async\" width=\"758\" height=\"1024\" src=\"https:\/\/nackenheim-im-nationalsozialismus.de\/wp-content\/uploads\/2021\/10\/U-199-I_1-758x1024.jpg\" alt=\"\" class=\"wp-image-1224\" srcset=\"https:\/\/nackenheim-im-nationalsozialismus.de\/wp-content\/uploads\/2021\/10\/U-199-I_1-758x1024.jpg 758w, https:\/\/nackenheim-im-nationalsozialismus.de\/wp-content\/uploads\/2021\/10\/U-199-I_1-222x300.jpg 222w, https:\/\/nackenheim-im-nationalsozialismus.de\/wp-content\/uploads\/2021\/10\/U-199-I_1-768x1038.jpg 768w, https:\/\/nackenheim-im-nationalsozialismus.de\/wp-content\/uploads\/2021\/10\/U-199-I_1-1137x1536.jpg 1137w, https:\/\/nackenheim-im-nationalsozialismus.de\/wp-content\/uploads\/2021\/10\/U-199-I_1-500x676.jpg 500w, https:\/\/nackenheim-im-nationalsozialismus.de\/wp-content\/uploads\/2021\/10\/U-199-I_1-800x1081.jpg 800w, https:\/\/nackenheim-im-nationalsozialismus.de\/wp-content\/uploads\/2021\/10\/U-199-I_1-1280x1730.jpg 1280w, https:\/\/nackenheim-im-nationalsozialismus.de\/wp-content\/uploads\/2021\/10\/U-199-I_1-1200x1621.jpg 1200w, https:\/\/nackenheim-im-nationalsozialismus.de\/wp-content\/uploads\/2021\/10\/U-199-I_1.jpg 1344w\" sizes=\"(max-width: 758px) 100vw, 758px\" \/><figcaption>Dieser Brief der Gemeinde Nackenheim vom 31. Mai 1943 an den Landrat des Landkreises Mainz, handelt vom Einzug der \u00f6rtlichen Feuerwehrleute zur Heimatflak.<br>(<strong>Quelle:<\/strong> LA Sp. Best. U199,1).<\/figcaption><\/figure><\/div>\n\n\n\n<p><strong>Quellen<\/strong>:<\/p>\n\n\n\n<ul><li>LA Sp. Best. U199,1<\/li><\/ul>\n\n\n\n<ul><li>Private Erinnerungen einer 1930 geborenen Nackenheimerin, die sie im Erwachsenenalter verschriftlicht hat<\/li><\/ul>\n\n\n\n<ul><li>Oppenheimer Landskrone<\/li><\/ul>\n\n\n\n<ul><li>Wolff, Raymond, Graf, Martina; Graf, Hans-Dieter; Berkessel, Hans (Hrsg.): Schreie auf Papier. Oppenheim 2021.<\/li><\/ul>\n\n\n\n<p><strong>Literaturhinweis:<\/strong><\/p>\n\n\n\n<ul><li>Baum, Werner: Nackenheim im Krieg von 1939 bis 1945 sowie w\u00e4hrend der Nachkriegszeit. Nackenheim 1998. (Die Ausgabe wurde vom Ortsmuseum komplett digitalisiert und steht auf der dortigen <a href=\"https:\/\/www.muxum-digital.de\/fsch.html\" target=\"_blank\" rel=\"noreferrer noopener\">Website des Muxums<\/a> zum Download zur Verf\u00fcgung).<\/li><\/ul>\n\n\n\n<p><\/p>\n","protected":false},"excerpt":{"rendered":"<p>Ein Beitrag von Sch\u00fcler:innen der MSS11 Nackenheim, ein Dorf in der N\u00e4he von Mainz, von dem es bisher wenig verschriftlichte Informationen aus dem Zweiten Weltkrieg gibt. Eine 1931 geborene Zeitzeugin, die zu dieser Zeit in Nackenheim lebte, hielt ihre Erinnerungen an die Kriegszeit im Erwachsenenalter fest. Diese Erinnerungen wurden uns freundlicher Weise f\u00fcr unsere Arbeit [&hellip;]<\/p>\n","protected":false},"author":1,"featured_media":0,"parent":0,"menu_order":0,"comment_status":"closed","ping_status":"closed","template":"","meta":{"_vp_format_video_url":"","_vp_image_focal_point":[],"footnotes":""},"_links":{"self":[{"href":"https:\/\/nackenheim-im-nationalsozialismus.de\/index.php?rest_route=\/wp\/v2\/pages\/257"}],"collection":[{"href":"https:\/\/nackenheim-im-nationalsozialismus.de\/index.php?rest_route=\/wp\/v2\/pages"}],"about":[{"href":"https:\/\/nackenheim-im-nationalsozialismus.de\/index.php?rest_route=\/wp\/v2\/types\/page"}],"author":[{"embeddable":true,"href":"https:\/\/nackenheim-im-nationalsozialismus.de\/index.php?rest_route=\/wp\/v2\/users\/1"}],"replies":[{"embeddable":true,"href":"https:\/\/nackenheim-im-nationalsozialismus.de\/index.php?rest_route=%2Fwp%2Fv2%2Fcomments&post=257"}],"version-history":[{"count":27,"href":"https:\/\/nackenheim-im-nationalsozialismus.de\/index.php?rest_route=\/wp\/v2\/pages\/257\/revisions"}],"predecessor-version":[{"id":2066,"href":"https:\/\/nackenheim-im-nationalsozialismus.de\/index.php?rest_route=\/wp\/v2\/pages\/257\/revisions\/2066"}],"wp:attachment":[{"href":"https:\/\/nackenheim-im-nationalsozialismus.de\/index.php?rest_route=%2Fwp%2Fv2%2Fmedia&parent=257"}],"curies":[{"name":"wp","href":"https:\/\/api.w.org\/{rel}","templated":true}]}}