{"id":402,"date":"2021-07-17T12:45:41","date_gmt":"2021-07-17T12:45:41","guid":{"rendered":"https:\/\/nackenheim-im-nationalsozialismus.de\/?page_id=402"},"modified":"2022-01-19T21:11:33","modified_gmt":"2022-01-19T21:11:33","slug":"familie-sender","status":"publish","type":"page","link":"https:\/\/nackenheim-im-nationalsozialismus.de\/?page_id=402","title":{"rendered":"Familie Sender"},"content":{"rendered":"\n<p class=\"has-text-align-center has-accent-color has-text-color\"><strong>Ein Beitrag eines Sch\u00fclers der der MSS11<\/strong><\/p>\n\n\n\n<p class=\"has-drop-cap\">Gustav und Betty Sender geh\u00f6ren beide der j\u00fcdischen Religion an, sie hatten eine Tochter. Sie wurden am 20. M\u00e4rz 1942 nach Polen in das Ghetto Piaski deportiert. Gustav Sender ist am 06. April 1884 im Saarland geboren und hat Betty Wolff (sp\u00e4ter Sender) geheiratet, welche am 22. Mai 1885 in Nackenheim geboren wurde. Betty war die Schwester von <a rel=\"noreferrer noopener\" href=\"https:\/\/nackenheim-im-nationalsozialismus.de\/?page_id=713\" data-type=\"page\" data-id=\"713\" target=\"_blank\">Heinrich Wolff<\/a>. Betty und Gustav Sender haben nach ihrer Hochzeit in Mainz gewohnt, um genauer zu sein in der Kaiserstra\u00dfe 53 und hatten eine Tochter, die schon 1936 nach Brasilien geflohen ist. Anscheinend soll sie sp\u00e4ter in die Vereinigten Staaten ausgewandert sein. Gustav und Betty Sender sind nach ihrer Deportation aus Mainz im Fr\u00fchjahr 1942 im Ghetto Piaski oder in einem Konzentrations- und Vernichtungslager &#8222;verschollen&#8220;, wobei sie wahrscheinlich dort ermordet worden sind. F\u00fcr Betty Sender liegt ein nachtr\u00e4glicher Totenschein vor, jedoch ohne Angabe der Todesursache.<\/p>\n\n\n\n<div class=\"wp-block-image\"><figure class=\"aligncenter size-large is-resized\"><img loading=\"lazy\" decoding=\"async\" src=\"https:\/\/nackenheim-im-nationalsozialismus.de\/wp-content\/uploads\/2021\/07\/Wohnhaus-Nackenheim_Familie-Wolff-737x1024.jpg\" alt=\"\" class=\"wp-image-423\" width=\"369\" height=\"512\" srcset=\"https:\/\/nackenheim-im-nationalsozialismus.de\/wp-content\/uploads\/2021\/07\/Wohnhaus-Nackenheim_Familie-Wolff-737x1024.jpg 737w, https:\/\/nackenheim-im-nationalsozialismus.de\/wp-content\/uploads\/2021\/07\/Wohnhaus-Nackenheim_Familie-Wolff-216x300.jpg 216w, https:\/\/nackenheim-im-nationalsozialismus.de\/wp-content\/uploads\/2021\/07\/Wohnhaus-Nackenheim_Familie-Wolff-768x1067.jpg 768w, https:\/\/nackenheim-im-nationalsozialismus.de\/wp-content\/uploads\/2021\/07\/Wohnhaus-Nackenheim_Familie-Wolff-1106x1536.jpg 1106w, https:\/\/nackenheim-im-nationalsozialismus.de\/wp-content\/uploads\/2021\/07\/Wohnhaus-Nackenheim_Familie-Wolff-1475x2048.jpg 1475w, https:\/\/nackenheim-im-nationalsozialismus.de\/wp-content\/uploads\/2021\/07\/Wohnhaus-Nackenheim_Familie-Wolff-500x694.jpg 500w, https:\/\/nackenheim-im-nationalsozialismus.de\/wp-content\/uploads\/2021\/07\/Wohnhaus-Nackenheim_Familie-Wolff-800x1111.jpg 800w, https:\/\/nackenheim-im-nationalsozialismus.de\/wp-content\/uploads\/2021\/07\/Wohnhaus-Nackenheim_Familie-Wolff-1280x1778.jpg 1280w, https:\/\/nackenheim-im-nationalsozialismus.de\/wp-content\/uploads\/2021\/07\/Wohnhaus-Nackenheim_Familie-Wolff-1200x1667.jpg 1200w, https:\/\/nackenheim-im-nationalsozialismus.de\/wp-content\/uploads\/2021\/07\/Wohnhaus-Nackenheim_Familie-Wolff.jpg 1728w\" sizes=\"(max-width: 369px) 100vw, 369px\" \/><figcaption>Das <strong>Wohnhaus der Familie Wolff<\/strong> in der Mainzer Stra\u00dfe 15. Zu sehen sind Heinrich Wolff senior, Karoline Wolff und ihre Tochter Betty. Originaltext auf der R\u00fcckseite: &#8222;<em>House in Nackenheim. My grand father and my grand mother and aunt Betty<\/em>&#8220; (Sammlung: H. Kasper). Das Bild stammt aus der Sammlung eines Bodenheimers, der nach der Kriegszeit Kontakt mit den Enkeln der Familie Wolff hatte, welche in Amerika lebten und in ihrem Archiv noch ein Bild mit Betty Sender besa\u00dfen. <\/figcaption><\/figure><\/div>\n\n\n\n<figure class=\"wp-block-gallery columns-2 is-cropped wp-block-gallery-1 is-layout-flex wp-block-gallery-is-layout-flex\"><ul class=\"blocks-gallery-grid\"><li class=\"blocks-gallery-item\"><figure><img loading=\"lazy\" decoding=\"async\" width=\"529\" height=\"689\" src=\"https:\/\/nackenheim-im-nationalsozialismus.de\/wp-content\/uploads\/2021\/11\/Bildschirmfoto-2021-11-01-um-20.10.34.png\" alt=\"\" data-id=\"1409\" data-full-url=\"https:\/\/nackenheim-im-nationalsozialismus.de\/wp-content\/uploads\/2021\/11\/Bildschirmfoto-2021-11-01-um-20.10.34.png\" data-link=\"https:\/\/nackenheim-im-nationalsozialismus.de\/?attachment_id=1409\" class=\"wp-image-1409\" srcset=\"https:\/\/nackenheim-im-nationalsozialismus.de\/wp-content\/uploads\/2021\/11\/Bildschirmfoto-2021-11-01-um-20.10.34.png 529w, https:\/\/nackenheim-im-nationalsozialismus.de\/wp-content\/uploads\/2021\/11\/Bildschirmfoto-2021-11-01-um-20.10.34-230x300.png 230w, https:\/\/nackenheim-im-nationalsozialismus.de\/wp-content\/uploads\/2021\/11\/Bildschirmfoto-2021-11-01-um-20.10.34-500x651.png 500w\" sizes=\"(max-width: 529px) 100vw, 529px\" \/><figcaption class=\"blocks-gallery-item__caption\"> Betty Sender, geb. Wolff<\/figcaption><\/figure><\/li><li class=\"blocks-gallery-item\"><figure><img loading=\"lazy\" decoding=\"async\" width=\"498\" height=\"704\" src=\"https:\/\/nackenheim-im-nationalsozialismus.de\/wp-content\/uploads\/2021\/11\/Bildschirmfoto-2021-11-01-um-20.10.55.png\" alt=\"\" data-id=\"1410\" data-full-url=\"https:\/\/nackenheim-im-nationalsozialismus.de\/wp-content\/uploads\/2021\/11\/Bildschirmfoto-2021-11-01-um-20.10.55.png\" data-link=\"https:\/\/nackenheim-im-nationalsozialismus.de\/?attachment_id=1410\" class=\"wp-image-1410\" srcset=\"https:\/\/nackenheim-im-nationalsozialismus.de\/wp-content\/uploads\/2021\/11\/Bildschirmfoto-2021-11-01-um-20.10.55.png 498w, https:\/\/nackenheim-im-nationalsozialismus.de\/wp-content\/uploads\/2021\/11\/Bildschirmfoto-2021-11-01-um-20.10.55-212x300.png 212w\" sizes=\"(max-width: 498px) 100vw, 498px\" \/><figcaption class=\"blocks-gallery-item__caption\">Gustav Sender<\/figcaption><\/figure><\/li><\/ul><figcaption class=\"blocks-gallery-caption\"><strong>Quelle:<\/strong>&nbsp;<a rel=\"noreferrer noopener\" href=\"https:\/\/zentralarchiv-juden.de\/bestaende\/personenstandsregister\/archivaliensammlung-jued-gemeinde-frankfurt\/verzeichnis\/liste-der-personen\" target=\"_blank\">Zentralarchiv zur Erforschung der Geschichte der Juden in Deutschland;&nbsp;<\/a>Archivaliensammlung Frankfurt: Abteilung IV: Kennkarten, Mainz 1939.<\/figcaption><\/figure>\n\n\n\n<p>Die obigen Passbilder von Betty und Gustav Sender stammen aus ihren Kennkarten und sind mit dem Stempel des Mainzer Polizeipr\u00e4sidiums versehen.<\/p>\n\n\n\n<p><strong>Quellen: <\/strong><\/p>\n\n\n\n<ul><li>Archivfunde (Arolsen Archives)<\/li><li>Privatarchiv H. Kasper (Bodenheim)<\/li><li>Wolff, Raymond; Graf, Martina; Graf, Hans-Dieter, Berkessel, Hans: \u201eSchreie auf Papier\u201c. Oppenheim 2021.<\/li><\/ul>\n\n\n\n<p><strong>Literatur:<\/strong><\/p>\n\n\n\n<ul><li>Graf, Hans-Dieter; Wolff, Raymond: &#8222;Lebt wohl&#8220; : Die Geschichte von Gustav und Betty Sender aus Mainz : zum Gedenken an die Deportation der Mainzer Juden im M\u00e4rz und September 1942, in: Mainz : Vierteljahreshefte f\u00fcr Kultur, Politik, Wirtschaft, Geschichte. &#8211; 37 (2017), 1, Seite 82-86; 2, Seite 64-68.<\/li><\/ul>\n\n\n\n<p><\/p>\n","protected":false},"excerpt":{"rendered":"<p>Ein Beitrag eines Sch\u00fclers der der MSS11 Gustav und Betty Sender geh\u00f6ren beide der j\u00fcdischen Religion an, sie hatten eine Tochter. Sie wurden am 20. M\u00e4rz 1942 nach Polen in das Ghetto Piaski deportiert. Gustav Sender ist am 06. April 1884 im Saarland geboren und hat Betty Wolff (sp\u00e4ter Sender) geheiratet, welche am 22. Mai [&hellip;]<\/p>\n","protected":false},"author":1,"featured_media":0,"parent":0,"menu_order":0,"comment_status":"closed","ping_status":"closed","template":"","meta":{"_vp_format_video_url":"","_vp_image_focal_point":[],"footnotes":""},"_links":{"self":[{"href":"https:\/\/nackenheim-im-nationalsozialismus.de\/index.php?rest_route=\/wp\/v2\/pages\/402"}],"collection":[{"href":"https:\/\/nackenheim-im-nationalsozialismus.de\/index.php?rest_route=\/wp\/v2\/pages"}],"about":[{"href":"https:\/\/nackenheim-im-nationalsozialismus.de\/index.php?rest_route=\/wp\/v2\/types\/page"}],"author":[{"embeddable":true,"href":"https:\/\/nackenheim-im-nationalsozialismus.de\/index.php?rest_route=\/wp\/v2\/users\/1"}],"replies":[{"embeddable":true,"href":"https:\/\/nackenheim-im-nationalsozialismus.de\/index.php?rest_route=%2Fwp%2Fv2%2Fcomments&post=402"}],"version-history":[{"count":17,"href":"https:\/\/nackenheim-im-nationalsozialismus.de\/index.php?rest_route=\/wp\/v2\/pages\/402\/revisions"}],"predecessor-version":[{"id":2156,"href":"https:\/\/nackenheim-im-nationalsozialismus.de\/index.php?rest_route=\/wp\/v2\/pages\/402\/revisions\/2156"}],"wp:attachment":[{"href":"https:\/\/nackenheim-im-nationalsozialismus.de\/index.php?rest_route=%2Fwp%2Fv2%2Fmedia&parent=402"}],"curies":[{"name":"wp","href":"https:\/\/api.w.org\/{rel}","templated":true}]}}